housands digit of 736909?
6
What is the tens digit of 8431210?
1
What is the ten thousands digit of 5142037?
4
What is the thousands digit of 769403?
9
What is the thousands digit of 848604?
8
What is the tens digit of 289643?
4
What is the millions digit of 2969711?
2
What is the thousands digit of 94378?
4
What is the hundreds digit of 10977884?
8
What is the thousands digit of 3814?
3
What is the ten millions digit of 15364948?
1
What is the units digit of 443155?
5
What is the ten thousands digit of 1099250?
9
What is the hundreds digit of 24441939?
9
What is the ten millions digit of 17829466?
1
What is the tens digit of 432369?
6
What is the hundreds digit of 280178?
1
What is the units digit of 1288067?
7
What is the units digit of 909809?
9
What is the units digit of 110029?
9
What is the thousands digit of 446606?
6
What is the hundreds digit of 4748405?
4
What is the tens digit of 90899?
9
What is the ten thousands digit of 41977?
4
What is the hundred thousands digit of 304702?
3
What is the hundred thousands digit of 794420?
7
What is the units digit of 135430?
0
What is the units digit of 2632529?
9
What is the hundreds digit of 17378094?
0
What is the thousands digit of 38441?
8
What is the hundred thousands digit of 6350921?
3
What is the tens digit of 27952839?
3
What is the tens digit of 21341823?
2
What is the thousands digit of 50597?
0
What is the tens digit of 1052562?
6
What is the units digit of 41806?
6
What is the thousands digit of 403343?
3
What is the hundreds digit of 319609?
6
What is the tens digit of 480872?
7
What is the thousands digit of 306292?
6
What is the hundred thousands digit of 915908?
9
What is the hundred thousands digit of 729225?
7
What is the ten thousands digit of 5094097?
9
What is the units digit of 6378652?
2
What is the hundreds digit of 42774?
7
What is the tens digit of 2727560?
6
What is the hundred thousands digit of 1278696?
2
What is the tens digit of 8452055?
5
What is the ten thousands digit of 225786?
2
What is the hundreds digit of 716475?
4
What is the units digit of 14780503?
3
What is the ten thousands digit of 10222685?
2
What is the units digit of 16027985?
5
What is the thousands digit of 6129063?
9
What is the millions digit of 1010980?
1
What is the hundreds digit of 7523635?
6
What is the thousands digit of 68021?
8
What is the tens digit of 90547?
4
What is the ten thousands digit of 92847?
9
What is the ten thousands digit of 21236383?
3
What is the millions digit of 3111198?
3
What is the thousands digit of 943275?
3
What is the thousands digit of 710666?
0
What is the ten thousands digit of 168736?
6
What is the ten millions digit of 13193043?
1
What is the units digit of 11330006?
6
What is the units digit of 18152597?
7
What is the hundreds digit of 585881?
8
What is the tens digit of 257141?
4
What is the thousands digit of 1292720?
2
What is the hundred thousands digit of 758601?
7
What is the thousands digit of 77797?
7
What is the hundreds digit of 2649292?
2
What is the thousands digit of 347441?
7
What is the hundreds digit of 97400?
4
What is the thousands digit of 13826914?
6
What is the millions digit of 3455775?
3
What is the units digit of 8449211?
1
What is the tens digit of 2965379?
7
What is the hundreds digit of 16301791?
7
What is the tens digit of 1020367?
6
What is the units digit of 3529858?
8
What is the thousands digit of 258436?
8
What is the thousands digit of 17300790?
0
What is the thousands digit of 38360872?
0
What is the hundreds digit of 2176315?
3
What is the tens digit of 871544?
4
What is the thousands digit of 267371?
7
What is the ten thousands digit of 477240?
7
What is the ten thousands digit of 1631676?
3
What is the thousands digit of 922854?
2
What is the units digit of 36060?
0
What is the tens digit of 412788?
8
What is the hundreds digit of 215500?
5
What is the thousands digit of 5037074?
7
What is the hundred thousands digit of 121901?
1
What is the units digit of 670965?
5
What is the tens digit of 6582916?
1
What is the hundreds digit of 338919?
9
What is the units digit of 10294426?
6
What is the hundreds digit of 18640975?
9
What is the hundreds digit of 576798?
7
What is the units digit of 399154?
4
What is the hundreds digit of 21891?
8
What is the hundred thousands digit of 897489?
8
What is the thousands digit of 338070?
8
What is the hundred thousands digit of 11131655?
1
What is the hundreds digit of 5921198?
1
What is the thousands digit of 463923?
3
What is the units digit of 2011419?
9
What is the hundreds digit of 1758961?
9
What is the ten millions digit of 15898095?
1
What is the tens digit of 619559?
5
What is the units digit of 186391?
1
What is the thousands digit of 591312?
1
What is the ten thousands digit of 103197?
0
What is the millions digit of 4512041?
4
What is the hundred thousands digit of 156647?
1
What is the units digit of 1652642?
2
What is the hundreds digit of 701152?
1
What is the tens digit of 2268193?
9
What is the thousands digit of 4893907?
3
What is the thousands digit of 3281034?
1
What is the units digit of 274444?
4
What is the hundreds digit of 5224426?
4
What is the thousands digit of 1285823?
5
What is the ten thousands digit of 232822?
3
What is the ten millions digit of 15154440?
1
What is the units digit of 528468?
8
What is the thousands digit of 6386775?
6
What is the ten thousands digit of 12782373?
8
What is the ten thousands digit of 15094698?
9
What is the units digit of 527798?
8
What is the hundreds digit of 31049?
0
What is the tens digit of 3256105?
0
What is the tens digit of 3461387?
8
What is the tens digit of 444468?
6
What is the units digit of 24416638?
8
What is the tens digit of 8184154?
5
What is the units digit of 241352?
2
What is the thousands digit of 14640?
4
What is the millions digit of 1767232?
1
What is the ten thousands digit of 19705489?
0
What is the units digit of 146971?
1
What is the tens digit of 34620?
2
What is the tens digit of 468939?
3
What is the tens digit of 119114?
1
What is the hundreds digit of 20405453?
4
What is the hundred thousands digit of 385321?
3
What is the units digit of 5387944?
4
What is the units digit of 9325031?
1
What is the thousands digit of 237531?
7
What is the hundreds digit of 25166360?
3
What is the tens digit of 27501?
0
What is the ten thousands digit of 14293885?
9
What is the millions digit of 12182887?
2
What is the thousands digit of 29083?
9
What is the hundreds digit of 19445532?
5
What is the tens digit of 1020521?
2
What is the ten thousands digit of 358588?
5
What is the units digit of 2044305?
5
What is the thousands digit of 1408040?
8
What is the ten thousands digit of 1052801?
5
What is the units digit of 155426?
6
What is the thousands digit of 3526575?
6
What is the units digit of 711502?
2
What is the tens digit of 250267?
6
What is the ten thousands digit of 535811?
3
What is the hundreds digit of 146139?
1
What is the millions digit of 2417012?
2
What is the hundreds digit of 99319?
3
What is the hundreds digit of 843566?
5
What is the tens digit of 48288?
8
What is the thousands digit of 18116719?
6
What is the ten thousands digit of 428643?
2
What is the tens digit of 6192530?
3
What is the hundreds digit of 11757457?
4
What is the ten millions digit of 22814486?
2
What is the hundreds digit of 18783880?
8
What is the tens digit of 6192173?
7
What is the hundred thousands digit of 158979?
1
What is the units digit of 2568269?
9
What is the units digit of 8119785?
5
What is the hundred thousands digit of 8992247?
9
What is the thousands digit of 588413?
8
What is the units digit of 1249590?
0
What is the thousands digit of 4899902?
9
What is the hundreds digit of 3798365?
3
What is the ten millions digit of 10671720?
1
What is the hundred thousands digit of 2480602?
4
What is the hundreds digit of 790348?
3
What is the hundred thousands digit of 1843340?
8
What is the ten thousands digit of 3994836?
9
What is the units digit of 44943?
3
What is the ten thousands digit of 14685589?
8
What is the hundred thousands digit of 1256679?
2
What is the millions digit of 1608737?
1
What is the hundreds digit of 1006521?
5
What is the ten thousands digit of 1168297?
6
What is the thousands di